
{"id":2493,"date":"2023-09-22T07:57:00","date_gmt":"2023-09-22T07:57:00","guid":{"rendered":"https:\/\/arveres.ugeto.com\/?page_id=2493"},"modified":"2023-10-24T14:35:44","modified_gmt":"2023-10-24T14:35:44","slug":"grazia","status":"publish","type":"page","link":"https:\/\/arveres.ugeto.com\/?page_id=2493","title":{"rendered":"17. GRAZIA"},"content":{"rendered":"\n<p><\/p>\n\n\n\n<div class=\"wp-block-columns\">\n<div class=\"wp-block-column\">\n<iframe src=\"https:\/\/arveres.ugeto.com\/arveres_allas4.php?tetel=2023100017\" height=\"40\" width=\"100%\"><\/iframe>\n<\/div>\n\n\n\n<div class=\"wp-block-column\">\n<p id=\"demo1\" class=\"has-text-align-center has-text-color has-medium-font-size\"><\/p>\n\n<script>\n\/\/ Set the date we're counting down to\nvar countDownDate1 = new Date(\"Oct, 24, 2023 17:40:00\").getTime();\n\n\/\/ Update the count down every 1 second\nvar x = setInterval(function() {\n\n  \/\/ Get today's date and time\n  var now = new Date().getTime();\n    \n  \/\/ Find the distance between now and the count down date\n  var distance = countDownDate1 - now;\n    \n  \/\/ Time calculations for days, hours, minutes and seconds\n  var days = Math.floor(distance \/ (1000 * 60 * 60 * 24));\n  var hours = Math.floor((distance % (1000 * 60 * 60 * 24)) \/ (1000 * 60 * 60));\n  var minutes = Math.floor((distance % (1000 * 60 * 60)) \/ (1000 * 60));\n  var seconds = Math.floor((distance % (1000 * 60)) \/ 1000);\n    \n  \/\/ Output the result in an element with id=\"demo1\"\n  document.getElementById(\"demo1\").innerHTML = days + \" nap \" + hours + \" \u00f3ra \" + minutes + \" perc \" + seconds + \"mp\"\n;\n    \n  \/\/ If the count down is over, write some text \n  if (distance < 0) {\n    clearInterval(x);\n    document.getElementById(\"demo1\").innerHTML = \"Az \u00e1rver\u00e9s lez\u00e1rult\";\n  }\n}, 1000);\n<\/script>\n<\/div>\n<\/div>\n\n\n<div ><style id=\"sp_tab_dynamic_style2460\">#sp-wp-tabs-wrapper_2460 .sp-tab__nav {justify-content: start;}#sp-wp-tabs-wrapper_2460.sp-tab__lay-default.sp-tab__horizontal-bottom {display: flex;flex-direction: column-reverse;}#sp-wp-tabs-wrapper_2460.sp-tab__lay-default.sp-tab__horizontal-bottom > ul {border-top: 1px solid #cccccc;border-bottom: 0;margin-top: 0;}#sp-wp-tabs-wrapper_2460.sp-tab__lay-default.sp-tab__horizontal-bottom > ul > li label.sp-tab__active {border-color: transparent #cccccc#cccccc;margin-top: -1px;}#sp-wp-tabs-wrapper_2460.sp-tab__lay-default.sp-tab__horizontal-bottom > ul > li label,#sp-wp-tabs-wrapper_2460.sp-tab__lay-default.sp-tab__horizontal-bottom > ul > li a,#sp-wp-tabs-wrapper_2460.sp-tab__lay-default.sp-tab__horizontal-bottom > ul > .sp-tab__nav-item {border-top: 0;border-top-left-radius: 0;border-top-right-radius: 0;border-bottom-left-radius: 2px;border-bottom-right-radius: 2px;}#sp-wp-tabs-wrapper_2460.sp-tab__lay-default.sp-tab__horizontal-bottom > ul {border-bottom: none;}#sp-wp-tabs-wrapper_2460.sp-tab__lay-default.sp-tab__horizontal-bottom .sp-tab__tab-content .sp-tab__tab-pane {border-top: 1px solid #cccccc;border-bottom: 0;}#sp-wp-tabs-wrapper_2460.sp-tab__lay-default .sp-tab__tab-content .sp-tab-content > ul,#sp-wp-tabs-wrapper_2460.sp-tab__lay-default .sp-tab__tab-content .sp-tab-content > ol {border-bottom: none;}#sp-wp-tabs-wrapper_2460 > .sp-tab__nav-tabs .sp-tab__nav-link.sp-tab__active .sp-tab__tab_title,#sp-wp-tabs-wrapper_2460.sp-tab__lay-default label > .sp-tab__card-header {color: #444;}#sp-wp-tabs-wrapper_2460 > .sp-tab__nav-tabs > .sp-tab__nav-item.show .sp-tab__nav-link,#sp-wp-tabs-wrapper_2460 > .sp-tab__nav-tabs > .sp-tab__nav-item .sp-tab__nav-link.sp-tab__active,#sp-wp-tabs-wrapper_2460.sp-tab__lay-default label > .sp-tab__card-header {background-color: #fff;}#sp-wp-tabs-wrapper_2460 .sp-tab__nav-tabs .sp-tab__nav-item.show .sp-tab__nav-link,#sp-wp-tabs-wrapper_2460.sp-tab__lay-default ul li label.sp-tab__active {border-color: #cccccc#cccccc transparent;}#sp-wp-tabs-wrapper_2460.sp-tab__lay-default > ul > li > label,#sp-wp-tabs-wrapper_2460.sp-tab__lay-default > ul > li > a {cursor: pointer;border-color: #cccccc;padding-top: 15px;padding-right: 15px;padding-bottom: 15px;padding-left: 15px;}#sp-wp-tabs-wrapper_2460 > .sp-tab__nav-tabs .sp-tab__nav-link {border: 1px solid #cccccc;height: 100%;}#sp-wp-tabs-wrapper_2460.sp-tab__lay-default > ul > li label,#sp-wp-tabs-wrapper_2460.sp-tab__lay-default > ul > li a,#sp-wp-tabs-wrapper_2460.sp-tab__lay-default > ul > .sp-tab__nav-item {border-top-left-radius: 2px;border-top-right-radius: 2px;}#sp-wp-tabs-wrapper_2460 .sp-tab__nav-tabs .sp-tab__nav-item {margin-bottom: -1px; }#sp-wp-tabs-wrapper_2460.sp-tab__lay-default > ul .sp-tab__nav-item,#sp-wp-tabs-wrapper_2460.sp-tab__lay-default label.collapsed > .sp-tab__card-header {background-color: #eee;}#sp-wp-tabs-wrapper_2460.sp-tab__lay-default > ul .sp-tab__nav-item {margin-right: 10px;margin-top: 5px;}#sp-wp-tabs-wrapper_2460.sp-tab__lay-default > ul .sp-tab__nav-item label:hover .sp-tab__tab_title,#sp-wp-tabs-wrapper_2460.sp-tab__lay-default > ul .sp-tab__nav-item a:hover .sp-tab__tab_title,#sp-wp-tabs-wrapper_2460.sp-tab__lay-default label.collapsed .sp-tab__card-header:hover {color: #444;transition: .3s;}#sp-wp-tabs-wrapper_2460.sp-tab__lay-default > ul .sp-tab__nav-item:hover,#sp-wp-tabs-wrapper_2460.sp-tab__lay-default label.collapsed > .sp-tab__card-header:hover {background-color: #fff;}#sp-wp-tabs-wrapper_2460.sp-tab__lay-default > ul .sp-tab__nav-item:last-child {margin-right: 0;}#sp-wp-tabs-wrapper_2460.sp-tab__lay-default > .sp-tab__tab-content .sp-tab__tab-pane {border: 1px solid #cccccc;padding-top: 20px;padding-right: 20px;padding-bottom: 20px;padding-left: 20px;border-top: 0px;background-color: #ffffff;}#sp-wp-tabs-wrapper_2460.sp-tab__lay-default > ul {border-bottom: 1px solid #cccccc;}@media(max-width:480px) {#sp-wp-tabs-wrapper_2460.sp-tab__lay-default > ul li.sp-tab__nav-item {width: 100%;margin-right: 0px;}#sp-wp-tabs-wrapper_2460.sp-tab__lay-default > ul li.sp-tab__nav-item:last-child {margin-bottom: -1px;}}#sp-wp-tabs-wrapper_2460.sp-tab__lay-default > ul .sp-tab__nav-item .sp-tab__tab_title,#sp-wp-tabs-wrapper_2460.sp-tab__lay-default label.collapsed > .sp-tab__card-header {font-weight: 600;font-style: normal;font-size: 16px;line-height: 22px;letter-spacing: 0px;color: #444;margin: 0px;}#sp-wp-tabs-wrapper_2460.sp-tab__lay-default > .sp-tab__tab-content .sp-tab__tab-pane {font-weight: 400;font-style: normal;font-size: 16px;line-height: 24px;letter-spacing: 0px;color: #444;}#sp-wp-tabs-wrapper_2460.sp-tab__lay-default > .sp-tab__tab-content .sp-tab__tab-pane ul li a, #sp-wp-tabs-wrapper_2460.sp-tab__lay-default .sp-tab__tab-content .sp-tab__tab-pane ol li a {color: #444;}<\/style>\t\t<div id=\"sp-wp-tabs-wrapper_2460\" class=\"sp-tab__lay-default\" data-preloader=\"1\" data-activemode=\"tabs-activator-event-click\">\n\t\t\t<div class=\"sp-tab__preloader\">\n\t\t<div class=\"sp-tab__spinner\">\n\t\t\t<div class=\"rect1\"><\/div>\n\t\t\t<div class=\"rect2\"><\/div>\n\t\t\t<div class=\"rect3\"><\/div>\n\t\t\t<div class=\"rect4\"><\/div>\n\t\t\t<div class=\"rect5\"><\/div>\n\t\t<\/div>\n\t<\/div>\n\t<ul class=\"sp-tab__nav sp-tab__nav-tabs\" id=\"sp-tab__ul\" role=\"tablist\">\n\t\t\t\t<li class=\"sp-tab__nav-item\" role=\"navigation\">\n\t\t\t\t<label class=\"sp-tab__nav-link sp-tab__active\" data-sptoggle=\"tab\" for=\"#tab-24601\" role=\"tab\" aria-controls=tab-24601 aria-selected=false>\n\t\t\t\t\t<span class=\"tab_title_area\"><H4 class=\"sp-tab__tab_title\">Vide\u00f3<\/H4><\/span>\n\t\t\t\t<\/label>\n\t\t\t<\/li>\n\t\t\t\t\t\t<li class=\"sp-tab__nav-item\" role=\"navigation\">\n\t\t\t\t<label class=\"sp-tab__nav-link\" data-sptoggle=\"tab\" for=\"#tab-24602\" role=\"tab\" aria-controls=tab-24602 aria-selected=false>\n\t\t\t\t\t<span class=\"tab_title_area\"><H4 class=\"sp-tab__tab_title\">K\u00e9p 1<\/H4><\/span>\n\t\t\t\t<\/label>\n\t\t\t<\/li>\n\t\t\t\t\t\t<li class=\"sp-tab__nav-item\" role=\"navigation\">\n\t\t\t\t<label class=\"sp-tab__nav-link\" data-sptoggle=\"tab\" for=\"#tab-24603\" role=\"tab\" aria-controls=tab-24603 aria-selected=false>\n\t\t\t\t\t<span class=\"tab_title_area\"><H4 class=\"sp-tab__tab_title\">K\u00e9p 2<\/H4><\/span>\n\t\t\t\t<\/label>\n\t\t\t<\/li>\n\t\t\t\t\t\t<li class=\"sp-tab__nav-item\" role=\"navigation\">\n\t\t\t\t<label class=\"sp-tab__nav-link\" data-sptoggle=\"tab\" for=\"#tab-24604\" role=\"tab\" aria-controls=tab-24604 aria-selected=false>\n\t\t\t\t\t<span class=\"tab_title_area\"><H4 class=\"sp-tab__tab_title\">K\u00e9p 3<\/H4><\/span>\n\t\t\t\t<\/label>\n\t\t\t<\/li>\n\t\t\t<\/ul>\n<div class=\"sp-tab__tab-content\">\n\t\t\t\t<div id=\"tab-24601\" class=\"sp-tab__tab-pane sp-tab__show sp-tab__active\" role=\"tabpanel\">\n\t\t\t\t\t<div class=\"sp-tab-content\"><p><center><iframe title=\"YouTube video player\" src=\"https:\/\/www.youtube.com\/embed\/OpOt-gGcO7k?si=6wKkflH_WLGCClE5\" width=\"1468\" height=\"1000\" frameborder=\"0\" allowfullscreen=\"allowfullscreen\"><\/iframe><\/center><\/p>\n<\/div>\n\t\t\t\t<\/div>\n\t\t\t\t\t\t\t\t<div id=\"tab-24602\" class=\"sp-tab__tab-pane \" role=\"tabpanel\">\n\t\t\t\t\t<div class=\"sp-tab-content\"><p><img loading=\"lazy\" class=\"alignnone size-full wp-image-2513\" src=\"https:\/\/arveres.ugeto.com\/wp-content\/uploads\/2023\/09\/GRAZIA2.jpg\" alt=\"\" width=\"1468\" height=\"1000\" srcset=\"https:\/\/arveres.ugeto.com\/wp-content\/uploads\/2023\/09\/GRAZIA2.jpg 1468w, https:\/\/arveres.ugeto.com\/wp-content\/uploads\/2023\/09\/GRAZIA2-300x204.jpg 300w, https:\/\/arveres.ugeto.com\/wp-content\/uploads\/2023\/09\/GRAZIA2-1024x698.jpg 1024w, https:\/\/arveres.ugeto.com\/wp-content\/uploads\/2023\/09\/GRAZIA2-768x523.jpg 768w\" sizes=\"(max-width: 1468px) 100vw, 1468px\" \/><\/p>\n<\/div>\n\t\t\t\t<\/div>\n\t\t\t\t\t\t\t\t<div id=\"tab-24603\" class=\"sp-tab__tab-pane \" role=\"tabpanel\">\n\t\t\t\t\t<div class=\"sp-tab-content\"><p><img loading=\"lazy\" class=\"alignnone wp-image-2594 size-full\" src=\"https:\/\/arveres.ugeto.com\/wp-content\/uploads\/2023\/09\/GRAZIA1-1.jpg\" alt=\"\" width=\"1468\" height=\"1000\" srcset=\"https:\/\/arveres.ugeto.com\/wp-content\/uploads\/2023\/09\/GRAZIA1-1.jpg 1468w, https:\/\/arveres.ugeto.com\/wp-content\/uploads\/2023\/09\/GRAZIA1-1-300x204.jpg 300w, https:\/\/arveres.ugeto.com\/wp-content\/uploads\/2023\/09\/GRAZIA1-1-1024x698.jpg 1024w, https:\/\/arveres.ugeto.com\/wp-content\/uploads\/2023\/09\/GRAZIA1-1-768x523.jpg 768w\" sizes=\"(max-width: 1468px) 100vw, 1468px\" \/><\/p>\n<\/div>\n\t\t\t\t<\/div>\n\t\t\t\t\t\t\t\t<div id=\"tab-24604\" class=\"sp-tab__tab-pane \" role=\"tabpanel\">\n\t\t\t\t\t<div class=\"sp-tab-content\"><p><img loading=\"lazy\" class=\"alignnone size-full wp-image-2511\" src=\"https:\/\/arveres.ugeto.com\/wp-content\/uploads\/2023\/09\/GRAZIA3.jpg\" alt=\"\" width=\"1468\" height=\"1000\" srcset=\"https:\/\/arveres.ugeto.com\/wp-content\/uploads\/2023\/09\/GRAZIA3.jpg 1468w, https:\/\/arveres.ugeto.com\/wp-content\/uploads\/2023\/09\/GRAZIA3-300x204.jpg 300w, https:\/\/arveres.ugeto.com\/wp-content\/uploads\/2023\/09\/GRAZIA3-1024x698.jpg 1024w, https:\/\/arveres.ugeto.com\/wp-content\/uploads\/2023\/09\/GRAZIA3-768x523.jpg 768w\" sizes=\"(max-width: 1468px) 100vw, 1468px\" \/><\/p>\n<\/div>\n\t\t\t\t<\/div>\n\t\t\t\t<\/div>\n\t\t<\/div>\n\t\t<\/div>\n\n<a href=\"https:\/\/arveres.ugeto.com\/wp-content\/uploads\/2023\/09\/Grazia.pdf\" class=\"pdfemb-viewer\" style=\"\" data-width=\"max\" data-height=\"max\"  data-toolbar=\"bottom\" data-toolbar-fixed=\"off\">Grazia<br\/><\/a>\n<p class=\"wp-block-pdfemb-pdf-embedder-viewer\"><\/p>\n\n\n\n<p class=\"has-small-font-size\"><table align=\"center\">\n<tr><td style=\"border:none\" width=\"50%\"><form method=\"post\" action=\"ajanlat-tetel.php\" target=\"_blank\">\n              <input type=\"hidden\" name=\"fsz\" value=\"1\"><input type=\"hidden\" name=\"tetel\" value=\"2023100017\">\n    Felhaszn\u00e1l\u00f3 n\u00e9v:<\/td><td style=\"border:none\" width=\"50%\"><input type=\"text\" name=\"user\" value=\"\"><\/td><\/tr>\n    <tr><td style=\"border:none\">Jelsz\u00f3:<\/td><td style=\"border:none\"><input type=\"password\" name=\"adat\" value=\"\"><\/td><\/tr>\n    <tr><td style=\"border:none\">Licit \u00f6sszege:<\/td><td style=\"border:none\"><input type=\"number\" name=\"ajanlat\" value=\"\"><\/td><\/tr>\n    <tr><td style=\"border:none\">Adatokat ellen\u0151riztem:<\/td><td style=\"border:none\"><input type=\"checkbox\" name=\"checked\" value=\"1\"><\/td><\/tr>\n  <tr><td style=\"border:none\"><\/td><td style=\"border:none\">          <input type=\"submit\" value=\"ELK\u00dcLD\u00c9S\"><\/td><\/tr><\/table>\n    \n    <\/form><\/p>\n<br>\n\n\n\n<p><\/p>\n","protected":false},"excerpt":{"rendered":"<p>Felhaszn\u00e1l\u00f3 n\u00e9v: Jelsz\u00f3: Licit \u00f6sszege: Adatokat ellen\u0151riztem:<\/p>\n","protected":false},"author":1,"featured_media":0,"parent":0,"menu_order":0,"comment_status":"closed","ping_status":"closed","template":"","meta":[],"_links":{"self":[{"href":"https:\/\/arveres.ugeto.com\/index.php?rest_route=\/wp\/v2\/pages\/2493"}],"collection":[{"href":"https:\/\/arveres.ugeto.com\/index.php?rest_route=\/wp\/v2\/pages"}],"about":[{"href":"https:\/\/arveres.ugeto.com\/index.php?rest_route=\/wp\/v2\/types\/page"}],"author":[{"embeddable":true,"href":"https:\/\/arveres.ugeto.com\/index.php?rest_route=\/wp\/v2\/users\/1"}],"replies":[{"embeddable":true,"href":"https:\/\/arveres.ugeto.com\/index.php?rest_route=%2Fwp%2Fv2%2Fcomments&post=2493"}],"version-history":[{"count":20,"href":"https:\/\/arveres.ugeto.com\/index.php?rest_route=\/wp\/v2\/pages\/2493\/revisions"}],"predecessor-version":[{"id":3084,"href":"https:\/\/arveres.ugeto.com\/index.php?rest_route=\/wp\/v2\/pages\/2493\/revisions\/3084"}],"wp:attachment":[{"href":"https:\/\/arveres.ugeto.com\/index.php?rest_route=%2Fwp%2Fv2%2Fmedia&parent=2493"}],"curies":[{"name":"wp","href":"https:\/\/api.w.org\/{rel}","templated":true}]}}