
{"id":1759,"date":"2022-09-16T06:40:38","date_gmt":"2022-09-16T06:40:38","guid":{"rendered":"https:\/\/arveres.ugeto.com\/?page_id=1759"},"modified":"2022-09-18T16:02:42","modified_gmt":"2022-09-18T16:02:42","slug":"22-fany","status":"publish","type":"page","link":"https:\/\/arveres.ugeto.com\/?page_id=1759","title":{"rendered":"22. Fany"},"content":{"rendered":"\n<iframe src=\"https:\/\/arveres.ugeto.com\/arveres_allas4.php?tetel=2022100022\" height=\"40\" width=\"100%\"><\/iframe>\n\n\n\n<table><tr><td width='60%'><div class=\"alignnormal\"><\/div><\/td><td  width='40%'><p class=\"has-small-font-size\">Sz\u00fcletett: 2021.03.02 <br>\nSz\u00edne:  pej<br>\nNeme: m\u00e9n<br>\nApja: Zerberus <br>\nAnyja: Vraja Zilelor <br>\nRekord:<br>\n\u00c9letnyerem\u00e9ny:<br>\nTulajdonos: Albisor Marius <br>\nTeny\u00e9szt\u0151:  Albisor Marius<br>\nKateg\u00f3ria: Yearling<br>\nSz\u00e1rmaz\u00e1sa: <a href=\"http:\/\/www.ugeto.com\/pedigre-loker\/141105\" target=\"_blank\" rel=\"noopener noreferrer\">Adatb\u00e1zis megtekint\u00e9se &gt;&gt;<\/a><\/p>\n<\/td><\/tr><\/table>\n\n\n\n<p class=\"has-small-font-size\"><table align=\"center\">\n<tr><td style=\"border:none\" width=\"50%\"><form method=\"post\" action=\"ajanlat-tetel.php\" target=\"_blank\">\n              <input type=\"hidden\" name=\"fsz\" value=\"1\"><input type=\"hidden\" name=\"tetel\" value=\"2022100022\">\n    Felhaszn\u00e1l\u00f3 n\u00e9v:<\/td><td style=\"border:none\" width=\"50%\"><input type=\"text\" name=\"user\" value=\"\"><\/td><\/tr>\n    <tr><td style=\"border:none\">Jelsz\u00f3:<\/td><td style=\"border:none\"><input type=\"password\" name=\"adat\" value=\"\"><\/td><\/tr>\n    <tr><td style=\"border:none\">Licit \u00f6sszege:<\/td><td style=\"border:none\"><input type=\"number\" name=\"ajanlat\" value=\"\"><\/td><\/tr>\n    <tr><td style=\"border:none\">Adatokat ellen\u0151riztem:<\/td><td style=\"border:none\"><input type=\"checkbox\" name=\"checked\" value=\"1\"><\/td><\/tr>\n  <tr><td style=\"border:none\"><\/td><td style=\"border:none\">          <input type=\"submit\" value=\"ELK\u00dcLD\u00c9S\"><\/td><\/tr><\/table>\n    \n    <\/form><\/p>\n<br>\n","protected":false},"excerpt":{"rendered":"<p>Sz\u00fcletett: 2021.03.02 Sz\u00edne: pej Neme: m\u00e9n Apja: Zerberus Anyja: Vraja Zilelor Rekord: \u00c9letnyerem\u00e9ny: Tulajdonos: Albisor Marius Teny\u00e9szt\u0151: Albisor Marius Kateg\u00f3ria: Yearling Sz\u00e1rmaz\u00e1sa: Adatb\u00e1zis megtekint\u00e9se &gt;&gt; Felhaszn\u00e1l\u00f3 n\u00e9v: Jelsz\u00f3: Licit \u00f6sszege: Adatokat ellen\u0151riztem:<\/p>\n","protected":false},"author":1,"featured_media":0,"parent":0,"menu_order":0,"comment_status":"closed","ping_status":"closed","template":"","meta":[],"_links":{"self":[{"href":"https:\/\/arveres.ugeto.com\/index.php?rest_route=\/wp\/v2\/pages\/1759"}],"collection":[{"href":"https:\/\/arveres.ugeto.com\/index.php?rest_route=\/wp\/v2\/pages"}],"about":[{"href":"https:\/\/arveres.ugeto.com\/index.php?rest_route=\/wp\/v2\/types\/page"}],"author":[{"embeddable":true,"href":"https:\/\/arveres.ugeto.com\/index.php?rest_route=\/wp\/v2\/users\/1"}],"replies":[{"embeddable":true,"href":"https:\/\/arveres.ugeto.com\/index.php?rest_route=%2Fwp%2Fv2%2Fcomments&post=1759"}],"version-history":[{"count":3,"href":"https:\/\/arveres.ugeto.com\/index.php?rest_route=\/wp\/v2\/pages\/1759\/revisions"}],"predecessor-version":[{"id":1874,"href":"https:\/\/arveres.ugeto.com\/index.php?rest_route=\/wp\/v2\/pages\/1759\/revisions\/1874"}],"wp:attachment":[{"href":"https:\/\/arveres.ugeto.com\/index.php?rest_route=%2Fwp%2Fv2%2Fmedia&parent=1759"}],"curies":[{"name":"wp","href":"https:\/\/api.w.org\/{rel}","templated":true}]}}